 = 0. What is the greatest common divisor of i and 4?
4
Suppose 5*b = 2*b + 12. Suppose 3*h - 5 = 70. Let g = h - 1. What is the greatest common factor of b and g?
4
Let f(s) = 10*s + 2. Let k be f(1). Let x = 29 - 21. Calculate the greatest common factor of k and x.
4
Suppose -33 = 2*o + 21. Let g = 17 - o. Let s(f) = f + 5. Let k be s(6). What is the greatest common factor of k and g?
11
Let u = 81 + -52. Calculate the greatest common divisor of u and 145.
29
Let z(h) = -h**2 - 7*h + 1. Let v be z(-7). Let j = v + 3. Suppose 3*b - 72 = 4*o, -2*b - 3*o + 62 = -o. Calculate the greatest common divisor of j and b.
4
Let w = 0 - -3. Let c(y) = -y**3 - 11*y**2 - 10*y + 9. Let l be c(-10). What is the highest common divisor of l and w?
3
Suppose -n - 7 = -2*d - 4, 0 = -d + 4. Let f be 24/n*(-75)/(-6). Calculate the greatest common factor of 24 and f.
12
Let b be 102 + 4/(5 + -6). What is the highest common divisor of 14 and b?
14
Suppose -4*q = -q - 6. Suppose 0*r = 5*r - i - 203, q*i = 4*r - 166. Calculate the greatest common factor of r and 5.
5
Suppose 3*f + 2*f + 10 = 0. Let n(r) = -6*r**3 + r**2 + 2*r. Let p be n(f). What is the greatest common factor of 12 and p?
12
Let f(y) = y**2 + 3*y - 6. Let h be f(-5). Suppose 12 = 4*t - 4*l, 3*l - h = 2*t - 6. Calculate the highest common divisor of 35 and t.
7
Suppose 0 = -5*y, 4*y - 9 = 3*g - y. Let m = g + 6. Suppose -m = 4*t + 5, -5*i = 5*t - 35. What is the highest common divisor of 1 and i?
1
Let p be 100*(1 + (-9)/15). Calculate the greatest common factor of 20 and p.
20
Let u be (-8)/(-10) - 280/(-25). Calculate the highest common factor of 24 and u.
12
Let w(j) = -j**2 - 9*j - 8. Let m be w(-4). Calculate the highest common factor of 8 and m.
4
Suppose 0 = 5*r - 6*r + 60. What is the greatest common divisor of r and 20?
20
Suppose -5*j = -290 - 110. Suppose 0 = 5*o - 0*r + 4*r - 88, -3*o = -5*r - 38. What is the greatest common factor of j and o?
16
Let x be (3 - 1)/((-2)/(-3)). Let d = x - -1. What is the greatest common factor of d and 6?
2
Suppose 10*j = 9*j + 24. Let s(g) = -g**3 - 7*g**2 - 6*g + 8. Let r = -15 - -9. Let u be s(r). Calculate the highest common factor of j and u.
8
Let y be 132/(2/(-8)*-6). What is the greatest common divisor of 11 and y?
11
Suppose -15 = -3*o + 18. Let h = o - -1. Let x(c) = c**2 + 8*c + 4. Let u be x(-8). Calculate the highest common factor of u and h.
4
Suppose 0 = 5*b - 2*b. Let k be b + (0 + 2 - 59). Let h = 102 + k. Calculate the greatest common factor of h and 5.
5
Let c(v) = -v**3 - 7*v**2 - 7*v - 5. Let o be c(-6). Calculate the greatest common factor of o and 11.
1
Let s be 0 + -1 - -1*16. What is the highest common factor of 105 and s?
15
Let r = 15 + -13. Calculate the highest common divisor of r and 14.
2
Suppose 3*k - k = -8. Suppose 4*d - d = -4*g + 21, -2*d + 14 = 3*g. Let u = d + k. What is the highest common divisor of u and 21?
3
Suppose -5*x = -14*x + 864. Calculate the greatest common divisor of x and 6.
6
Suppose h = -b - 3*b + 3, 0 = -2*b + 3*h - 9. Suppose -3*m + 0*m + 12 = b. What is the highest common divisor of m and 44?
4
Let s(j) = 9*j - 3. Let g be s(3). Suppose -12 = -2*p + 2*t, 8 = -2*p + 3*t + g. Suppose 60 = h + p*h. Calculate the highest common divisor of h and 8.
4
Let j be ((-82)/8)/(4/(-80)). Suppose 4*y = v - 29, -5*v - 4*y + j = 36. What is the highest common divisor of v and 11?
11
Let o = -28 + 42. What is the highest common factor of 21 and o?
7
Suppose 2*u = 4*r + 2, -4*r + 0*u - 1 = -u. Suppose -d + 4*d - 165 = r. Calculate the highest common divisor of d and 22.
11
Suppose 5*x + 20 = 0, 4*x = 3*a + x - 21. Suppose -a*v = v - 64. What is the greatest common divisor of 64 and v?
16
Let s be 9/4 - 1/4. Let n = s + 0. Suppose 2*m - 30 = n. What is the greatest common factor of 8 and m?
8
Suppose 26 = 2*k + 2. Suppose -3*d + 1 = -5, d = -u + k. Calculate the highest common divisor of u and 4.
2
Let n(k) = -k**3 - 17*k**2 - 2*k - 15. Let s be n(-17). What is the highest common divisor of s and 95?
19
Suppose 2*x = 0, 4*w - 3*x + 19 = 119. Calculate the greatest common factor of w and 125.
25
Suppose -l + 25 - 1 = 0. Let q be (-3)/15 + 1/5. Suppose q = -a + 39 + 21. What is the greatest common factor of l and a?
12
Let a = -69 + 76. Let c = 10 - -53. Calculate the highest common factor of c and a.
7
Suppose 4*w = 13 - 1. Calculate the highest common divisor of w and 3.
3
Suppose -2*v = -5*p + 8, -2*p + 2 = -5*v + 3. Suppose 0 = p*w - 4*w + 34. Suppose -z + w = -0*z. What is the greatest common factor of z and 153?
17
Let n(q) = 32*q + 6. Let h be n(6). Calculate the greatest common divisor of 18 and h.
18
Let m(x) = 2*x**2 + 4*x + 18. Let l be m(-3). What is the highest common factor of 6 and l?
6
Suppose 0 = h + 5*w - 37, -3*h + 5*w = -30 - 21. Calculate the highest common divisor of 2 and h.
2
Suppose 5*d + k - 104 = 0, 68 = -d + 4*d - 5*k. Let y(x) = 3*x + 0*x + 0*x - 2*x. Let c be y(3). Calculate the highest common divisor of c and d.
3
Let m(g) = 2*g - 8. Let y be m(7). Calculate the greatest common divisor of 6 and y.
6
Let j be (-1 - -2*1) + 241. Suppose 2*t - 60 = j. Let w = t - 86. Calculate the highest common factor of w and 13.
13
Let n be (-2)/6 - 140/(-15). Let m = 3 + n. Calculate the greatest common factor of m and 12.
12
Suppose -1 = 3*d + 5*j, -2*d + 2 = 6*j - 4*j. Suppose -2*z - 5*p + p = -36, -d*z - p = -64. What is the highest common factor of 11 and z?
11
Let h = 105 + -99. What is the highest common divisor of h and 6?
6
Let q(d) = d**2 - 8*d + 15. Let r be q(6). Let g be 4 - (2 - (3 + -1)). Let u be g*7 - (0 + -2). What is the highest common divisor of r and u?
3
Let d = -4 - -3. Let t(q) = -4*q + 1. Let w be t(d). Suppose w*a = -17 + 422. What is the greatest common divisor of 9 and a?
9
Suppose r + 0*r = 0. Let q = 8 - r. Let g = -6 - -18. What is the greatest common factor of g and q?
4
Let c = -2 + 6. Let g(m) = 3*m - 4. Let q be g(c). Let h = q + 1. What is the greatest common factor of 36 and h?
9
Suppose -20*x + 28*x = 80. Suppose 1 = 3*s - 2*s. Calculate the highest common factor of s and x.
1
Let i = 181 - 29. What is the greatest common divisor of 38 and i?
38
Let f be -2 + 4 + -2 + 289. Suppose -2*l + 495 = 3*l - 5*m, -3*l = -m - f. Calculate the greatest common factor of 19 and l.
19
Suppose 16 = 4*u - 4. Calculate the greatest common divisor of u and 20.
5
Suppose 4*d - 12 = 2*d. Suppose -4*p + 74 = d. What is the greatest common factor of 187 and p?
17
Let s = -30 + 44. Calculate the highest common factor of 28 and s.
14
Let z(u) be the second derivative of -u**4/12 + u**3 + 3*u**2 + 7*u. Let p be z(5). Calculate the greatest common divisor of 1 and p.
1
Let m be 16 + (-3 + -9)/3. Calculate the highest common divisor of 84 and m.
12
Let p = -1 - -3. Suppose -2*f = p*j - 13 + 61, -2*j = 2. Let q = 32 + f. What is the highest common divisor of 54 and q?
9
Suppose 13*b + 88 = 15*b. What is the greatest common factor of b and 11?
11
Suppose -2*j - 3*d = 2*j - 100, -3*d = 2*j - 44. Let q = j + -6. Calculate the highest common divisor of 110 and q.
22
Let t = -11 - -13. Suppose -68 = -t*z + 4. Calculate the greatest common factor of 54 and z.
18
Suppose 3*q - 7 = 2. Suppose x - 1 - q = 0. Let t be (-536)/(-18) - x/(-18). Calculate the greatest common factor of t and 20.
10
Suppose 3*n + 3 = 51. What is the greatest common factor of n and 144?
16
Suppose -166 = -3*w + 9*s - 4*s, -3*s = 4*w - 202. What is the greatest common divisor of 26 and w?
26
Suppose v + 148 = 5*w, 0 = -w + v - 6*v + 40. What is the highest common divisor of 75 and w?
15
Suppose -4*z + 2*z = -3*i + 10, -4*i + 4 = -5*z. Calculate the greatest common factor of 12 and i.
6
Suppose n = -0*n + 32. Calculate the highest common factor of n and 80.
16
Let v(r) = -5*r**2 + 7 - 4*r**3 + r**3 + 2*r**3 + 0*r**3. Let g be v(-7). What is the highest common factor of g and 15?
15
Let h(n) = 8*n - 6 - 10 + 4 + 9*n**2 - n**3. Let i be h(9). Let c = -40 + i. Calculate the highest common factor of c and 5.
5
Suppose -84 = -3*m - m. Let g be 3*3/9 + m. Let v be (3 + g/(-4))*-8. What is the greatest common divisor of 160 and v?
20
Let w be 3/((-3)/12 + 1). Suppose -j - 4 = -w*n - 48, 3*n = j - 45. Suppose -2*a = 2*a - j. Calculate t